{"id":41,"date":"2023-02-15T10:58:25","date_gmt":"2023-02-15T10:58:25","guid":{"rendered":"https:\/\/xn--elektrissteemid-6vb.ee\/?page_id=41"},"modified":"2023-02-15T10:58:25","modified_gmt":"2023-02-15T10:58:25","slug":"elektripaigaldise-audit","status":"publish","type":"page","link":"https:\/\/xn--elektrissteemid-6vb.ee\/?page_id=41","title":{"rendered":"Elektripaigaldise audit"},"content":{"rendered":"\n<p>Miks on elektripaigaldise auditit vaja?<\/p>\n\n\n\n<ul class=\"wp-block-list\">\n<li>Seadus kohustab audit l\u00e4biviima vastvalat s\u00e4testatud perioodi tagant<\/li>\n\n\n\n<li>Annab \u00fclevaate elektripaigaldises seiskorrast ning on majanduslikult kasulik investeeringute planeerimisel<\/li>\n\n\n\n<li>On alus elektripaigaldise ning inimeste ohutusele<\/li>\n\n\n\n<li>Kindlustused n\u00f5uavad elektripaigaldise auditit ning keelduvad ilma kehtivata auditita kahjusi h\u00fcvitamast<\/li>\n\n\n\n<li>On vaja objektile kasutusloa saamiseks<\/li>\n<\/ul>\n\n\n\n<p>Elektripaigaldise&nbsp;audit&nbsp;on&nbsp;menetlus,&nbsp;mille&nbsp;k\u00e4igus&nbsp;hinnatakse&nbsp;visuaalkontrolli&nbsp;ja&nbsp;elektripaigaldise&nbsp;dokumentatsiooni, samuti&nbsp;labori&nbsp;m\u00f5\u00f5tmis\u00ad&nbsp;ja&nbsp;katsetustulemuste&nbsp;alusel&nbsp;elektripaigaldise&nbsp;ning&nbsp;selle&nbsp;k\u00e4idu&nbsp;vastavust&nbsp;seadme&nbsp;ohutuse seaduse&nbsp;ja&nbsp;selle&nbsp;alusel&nbsp;kehtestatud&nbsp;\u00f5igusaktide&nbsp;n\u00f5uetele.&nbsp;<\/p>\n\n\n\n<p>Auditite ning m\u00f5\u00f5distuste l\u00e4biviimine, n\u00f5ustamine kui ka hiljem auditist selgunud puuduste k\u00f5rvaldamine on meie igap\u00e4eva t\u00f6\u00f6.<\/p>\n\n\n\n<p>Audit&nbsp;tuleb&nbsp;teostada&nbsp;igas&nbsp;elektripaigaldises&nbsp;enne&nbsp;selle&nbsp;kasutuselev\u00f5ttu&nbsp;ning&nbsp;etten\u00e4htud&nbsp;juhtudel&nbsp;ja&nbsp;sagedusel&nbsp;p\u00e4rast&nbsp;kasutuselev\u00f5ttu. Elektripaigaldise audit on ka kohustuslik kasutusloa saamisel.<\/p>\n\n\n\n<p>Audit&nbsp;jaguneb&nbsp;kasutuselev\u00f5tule&nbsp;eelnevaks,&nbsp;korraliseks&nbsp;ja&nbsp;erakorraliseks. Korralised&nbsp;auditid&nbsp;tuleb&nbsp;teha&nbsp;j\u00e4rgmise&nbsp;perioodsusega:<\/p>\n\n\n\n<h4 class=\"wp-block-heading\">Korralised auditid tuleb teha j\u00e4rgmise perioodsusega:<\/h4>\n\n\n\n<figure class=\"wp-block-table\"><table><tbody><tr><td><strong>Elektripaigaldise liik<\/strong><\/td><td><strong>Kasutuskontroll sagedus<\/strong><\/td><\/tr><tr><td>1. liigi elektripaigaldises<\/td><td>1 kord viie aasta jooksul<\/td><\/tr><tr><td>2. liigi elektripaigaldises<\/td><td>1 kord k\u00fcmne aasta jooksul<\/td><\/tr><tr><td>3. liigi elektripaigaldistes<\/td><td>1 kord viiteistk\u00fcmne aasta jooksul<\/td><\/tr><tr><td><strong>Elektripaigaldisele, mis on ehitatud v\u00f5i&nbsp;\u00fcmberehitatud enne 2000. aastat<\/strong><\/td><td><\/td><\/tr><tr><td><strong>Elektripaigaldise liik<\/strong><\/td><td><strong>Kasutuskontroll sagedus<\/strong><\/td><\/tr><tr><td>1. liigi elektripaigaldises<\/td><td>1 kord kolme aasta jooksul<\/td><\/tr><tr><td>2. liigi elektripaigaldises<\/td><td>1 kord viie aasta jooksul<\/td><\/tr><tr><td>3. liigi elektripaigaldistes<\/td><td>1 kord k\u00fcmne aasta jooksul<\/td><\/tr><\/tbody><\/table><\/figure>\n\n\n\n<p>Erakorraline&nbsp;audit&nbsp;teostatakse,&nbsp;kui&nbsp;elektripaigaldise&nbsp;omanik,&nbsp;kasutaja&nbsp;v\u00f5i&nbsp;k\u00e4idukorraldaja&nbsp;peab&nbsp;seda&nbsp;ohutuse&nbsp;tagamiseks&nbsp;vajalikuks v\u00f5i&nbsp;kui&nbsp;riikliku&nbsp;j\u00e4relevalve&nbsp;teostaja&nbsp;seda&nbsp;n\u00f5uab.&nbsp;<\/p>\n\n\n\n<h4 class=\"wp-block-heading\">Esimesse&nbsp;liiki&nbsp;kuulub&nbsp;elektripaigaldis&nbsp;alates&nbsp;v\u00f5rguga&nbsp;liitumise&nbsp;punktist&nbsp;v\u00f5i&nbsp;<br>elektripaigaldise&nbsp;toitepunktist,&nbsp;kui&nbsp;elektripaigaldis&nbsp;asub:<\/h4>\n\n\n\n<p>1.&nbsp; Plahvatusohu&nbsp;tsoonis&nbsp;v\u00f5i&nbsp;seda&nbsp;sisaldavas&nbsp;ehitises;<\/p>\n\n\n\n<p>2.&nbsp; Suur\u00f5nnetusohuga&nbsp;ettev\u00f5tte&nbsp;ohtlikul&nbsp;objektil;<\/p>\n\n\n\n<p>3.Haiglas&nbsp;v\u00f5i&nbsp;muus&nbsp;ravihoones,&nbsp;kus&nbsp;raviruumides&nbsp;v\u00f5idakse&nbsp;kasutada&nbsp;v\u00f5rgutoitelisi&nbsp;elektrilisi&nbsp;meditsiiniseadmeid,&nbsp;mille&nbsp;osad&nbsp;on kasutamisel&nbsp;patsiendiga&nbsp;f\u00fc\u00fcsilises&nbsp;kontaktis;&nbsp;<\/p>\n\n\n\n<p>4.&nbsp;Raviruumis,&nbsp;mis&nbsp;ei&nbsp;asu&nbsp;ravihoones&nbsp;ja&nbsp;kus&nbsp;v\u00f5idakse&nbsp;kasutada&nbsp;v\u00f5rgutoitelisi&nbsp;el-ektrilisi&nbsp;meditsiiniseadmeid,&nbsp;mille&nbsp;osad&nbsp;on kasutamisel&nbsp;patsiendiga&nbsp;f\u00fc\u00fcsilises&nbsp;kontaktis.&nbsp;<\/p>\n\n\n\n<h4 class=\"wp-block-heading\">Teise&nbsp;liiki&nbsp;kuuluvad&nbsp;j\u00e4rgmised&nbsp;elektripaigaldised:&nbsp;<\/h4>\n\n\n\n<p>1.&nbsp; Korterelamud;<\/p>\n\n\n\n<p>2.&nbsp; Ravihoone;&nbsp;<\/p>\n\n\n\n<p>3.Madalpingepaigaldis,&nbsp;mille&nbsp;peakaitsme&nbsp;nimivool&nbsp;\u00fcletab&nbsp;35&nbsp;amprit&nbsp;ja&nbsp;mis&nbsp;ei&nbsp;ole&nbsp;esimese&nbsp;liigi&nbsp;elektripaigaldis;<\/p>\n\n\n\n<p>4.&nbsp; K\u00f5rgepingepaigaldis,&nbsp;mis&nbsp;ei&nbsp;ole&nbsp;esimese&nbsp;liigi&nbsp;elektripaigaldis;&nbsp;<\/p>\n\n\n\n<p>5.&nbsp;Elektripaigaldis,&nbsp;mis&nbsp;asub&nbsp;hotellis,&nbsp;motellis,&nbsp;v\u00f5\u00f5rastemajas,&nbsp;puhkekodus,&nbsp;k\u00fclalistemajas&nbsp;v\u00f5i&nbsp;muus&nbsp;majutushoones.&nbsp;<\/p>\n\n\n\n<h4 class=\"wp-block-heading\">Kolmandasse&nbsp;liiki&nbsp;kuulub&nbsp;:<\/h4>\n\n\n\n<p>elektripaigaldis&nbsp;sh&nbsp;ka&nbsp;eramud,&nbsp;suvilad&nbsp;peakaitsme&nbsp;nimivooluga&nbsp;35&nbsp;amprit&nbsp;v\u00f5i&nbsp;v\u00e4hem&nbsp;ja&nbsp;mis&nbsp;ei&nbsp;ole&nbsp;esimese ega&nbsp;teise&nbsp;liigi&nbsp;elektripaigaldised.<\/p>\n","protected":false},"excerpt":{"rendered":"<p>Miks on elektripaigaldise auditit vaja? Elektripaigaldise&nbsp;audit&nbsp;on&nbsp;menetlus,&nbsp;mille&nbsp;k\u00e4igus&nbsp;hinnatakse&nbsp;visuaalkontrolli&nbsp;ja&nbsp;elektripaigaldise&nbsp;dokumentatsiooni, samuti&nbsp;labori&nbsp;m\u00f5\u00f5tmis\u00ad&nbsp;ja&nbsp;katsetustulemuste&nbsp;alusel&nbsp;elektripaigaldise&nbsp;ning&nbsp;selle&nbsp;k\u00e4idu&nbsp;vastavust&nbsp;seadme&nbsp;ohutuse seaduse&nbsp;ja&nbsp;selle&nbsp;alusel&nbsp;kehtestatud&nbsp;\u00f5igusaktide&nbsp;n\u00f5uetele.&nbsp; Auditite ning m\u00f5\u00f5distuste l\u00e4biviimine, n\u00f5ustamine kui ka hiljem auditist selgunud puuduste k\u00f5rvaldamine on meie igap\u00e4eva t\u00f6\u00f6. Audit&nbsp;tuleb&nbsp;teostada&nbsp;igas&nbsp;elektripaigaldises&nbsp;enne&nbsp;selle&nbsp;kasutuselev\u00f5ttu&nbsp;ning&nbsp;etten\u00e4htud&nbsp;juhtudel&nbsp;ja&nbsp;sagedusel&nbsp;p\u00e4rast&nbsp;kasutuselev\u00f5ttu. Elektripaigaldise audit on ka kohustuslik kasutusloa saamisel. Audit&nbsp;jaguneb&nbsp;kasutuselev\u00f5tule&nbsp;eelnevaks,&nbsp;korraliseks&nbsp;ja&nbsp;erakorraliseks. Korralised&nbsp;auditid&nbsp;tuleb&nbsp;teha&nbsp;j\u00e4rgmise&nbsp;perioodsusega: Korralised auditid tuleb teha j\u00e4rgmise perioodsusega: Elektripaigaldise liik Kasutuskontroll sagedus 1. liigi elektripaigaldises 1 kord viie aasta jooksul 2. liigi elektripaigaldises [&hellip;]<\/p>\n","protected":false},"author":1,"featured_media":0,"parent":0,"menu_order":0,"comment_status":"closed","ping_status":"closed","template":"","meta":{"footnotes":""},"class_list":["post-41","page","type-page","status-publish","hentry"],"_links":{"self":[{"href":"https:\/\/xn--elektrissteemid-6vb.ee\/index.php?rest_route=\/wp\/v2\/pages\/41","targetHints":{"allow":["GET"]}}],"collection":[{"href":"https:\/\/xn--elektrissteemid-6vb.ee\/index.php?rest_route=\/wp\/v2\/pages"}],"about":[{"href":"https:\/\/xn--elektrissteemid-6vb.ee\/index.php?rest_route=\/wp\/v2\/types\/page"}],"author":[{"embeddable":true,"href":"https:\/\/xn--elektrissteemid-6vb.ee\/index.php?rest_route=\/wp\/v2\/users\/1"}],"replies":[{"embeddable":true,"href":"https:\/\/xn--elektrissteemid-6vb.ee\/index.php?rest_route=%2Fwp%2Fv2%2Fcomments&post=41"}],"version-history":[{"count":1,"href":"https:\/\/xn--elektrissteemid-6vb.ee\/index.php?rest_route=\/wp\/v2\/pages\/41\/revisions"}],"predecessor-version":[{"id":42,"href":"https:\/\/xn--elektrissteemid-6vb.ee\/index.php?rest_route=\/wp\/v2\/pages\/41\/revisions\/42"}],"wp:attachment":[{"href":"https:\/\/xn--elektrissteemid-6vb.ee\/index.php?rest_route=%2Fwp%2Fv2%2Fmedia&parent=41"}],"curies":[{"name":"wp","href":"https:\/\/api.w.org\/{rel}","templated":true}]}}